
3, 41, 491
What are the prime factors of 30033?
3, 47, 71
What are the prime factors of 44402?
2, 149
List the prime factors of 1665.
3, 5, 37
What are the prime factors of 38184?
2, 3, 37, 43
What are the prime factors of 1208?
2, 151
List the prime factors of 42312.
2, 3, 41, 43
List the prime factors of 31449.
3, 11, 953
List the prime factors of 957.
3, 11, 29
List the prime factors of 5348.
2, 7, 191
What are the prime factors of 388?
2, 97
What are the prime factors of 1176?
2, 3, 7
What are the prime factors of 3046?
2, 1523
What are the prime factors of 7494?
2, 3, 1249
What are the prime factors of 1137?
3, 379
What are the prime factors of 1069?
1069
What are the prime factors of 2344?
2, 293
List the prime factors of 55.
5, 11
List the prime factors of 76148.
2, 19037
List the prime factors of 15499.
11, 1409
What are the prime factors of 78283?
78283
List the prime factors of 2441.
2441
What are the prime factors of 319?
11, 29
What are the prime factors of 13422?
2, 3, 2237
What are the prime factors of 31620?
2, 3, 5, 17, 31
List the prime factors of 514.
2, 257
What are the prime factors of 305?
5, 61
What are the prime factors of 2090?
2, 5, 11, 19
What are the prime factors of 359?
359
List the prime factors of 1636.
2, 409
List the prime factors of 408.
2, 3, 17
List the prime factors of 26743.
47, 569
What are the prime factors of 5475?
3, 5, 73
List the prime factors of 1470.
2, 3, 5, 7
What are the prime factors of 6391?
7, 11, 83
List the prime factors of 94529.
94529
What are the prime factors of 67547?
67547
List the prime factors of 94252.
2, 23563
What are the prime factors of 26268?
2, 3, 11, 199
What are the prime factors of 24925?
5, 997
List the prime factors of 7444.
2, 1861
What are the prime factors of 24578?
2, 12289
What are the prime factors of 4737?
3, 1579
List the prime factors of 52952.
2, 6619
List the prime factors of 2160.
2, 3, 5
List the prime factors of 87.
3, 29
List the prime factors of 1911.
3, 7, 13
What are the prime factors of 4933?
4933
List the prime factors of 1374.
2, 3, 229
What are the prime factors of 2748?
2, 3, 229
List the prime factors of 76339.
97, 787
List the prime factors of 43798.
2, 61, 359
List the prime factors of 10470.
2, 3, 5, 349
List the prime factors of 146.
2, 73
What are the prime factors of 3870?
2, 3, 5, 43
List the prime factors of 897.
3, 13, 23
What are the prime factors of 2928?
2, 3, 61
What are the prime factors of 58?
2, 29
List the prime factors of 29041.
113, 257
What are the prime factors of 22482?
2, 3, 1249
List the prime factors of 1518.
2, 3, 11, 23
What are the prime factors of 35861?
7, 47, 109
List the prime factors of 1056.
2, 3, 11
List the prime factors of 980.
2, 5, 7
List the prime factors of 891.
3, 11
List the prime factors of 163.
163
What are the prime factors of 797?
797
List the prime factors of 1503.
3, 167
List the prime factors of 21522.
2, 3, 17, 211
What are the prime factors of 6252?
2, 3, 521
List the prime factors of 12076.
2, 3019
List the prime factors of 132260.
2, 5, 17, 389
What are the prime factors of 3053?
43, 71
What are the prime factors of 629?
17, 37
List the prime factors of 1019.
1019
List the prime factors of 24174.
2, 3, 17, 79
List the prime factors of 786.
2, 3, 131
What are the prime factors of 317?
317
List the prime factors of 5436.
2, 3, 151
List the prime factors of 4502.
2, 2251
List the prime factors of 311.
311
List the prime factors of 65262.
2, 3, 73, 149
What are the prime factors of 4702?
2, 2351
What are the prime factors of 19270?
2, 5, 41, 47
What are the prime factors of 243?
3
What are the prime factors of 3205?
5, 641
List the prime factors of 9581.
11, 13, 67
What are the prime factors of 1790?
2, 5, 179
List the prime factors of 1239.
3, 7, 59
List the prime factors of 2298.
2, 3, 383
List the prime factors of 4290.
2, 3, 5, 11, 13
List the prime factors of 93853.
127, 739
List the prime factors of 2392.
2, 13, 23
What are the prime factors of 23204?
2, 5801
What are the prime factors of 88167?
3, 29389
List the prime factors of 41608.
2, 7, 743
List the prime factors of 1199.
11, 109
List the prime factors of 16983.
3, 17, 37
What are the prime factors of 427?
7, 61
List the prime factors of 22098.
2, 3, 29, 127
List the prime factors of 3505.
5, 701
List the prime factors of 926.
2, 463
List the prime factors of 843.
3, 281
List the prime factors of 1568.
2, 7
List the prime factors of 390.
2, 3, 5, 13
What are the prime factors of 36237?
3, 47, 257
What are the prime factors of 2761?
11, 251
What are the prime factors of 23299?
23, 1013
What are the prime factors of 2421?
3, 269
List the prime factors of 1187.
1187
List the prime factors of 1086.
2, 3, 181
What are the prime factors of 4318?
2, 17, 127
List the prime factors of 318.
2, 3, 53
What are the prime factors of 637?
7, 13
What are the prime factors of 4015?
5, 11, 73
List the prime factors of 44379.
3, 4931
List the prime factors of 7358.
2, 13, 283
What are the prime factors of 90116?
2, 13, 1733
List the prime factors of 6394.
2, 23, 139
What are the prime factors of 1038?
2, 3, 173
What are the prime factors of 3100?
2, 5, 31
List the prime factors of 3913.
7, 13, 43
List the prime factors of 4143.
3, 1381
What are the prime factors of 298?
2, 149
What are the prime factors of 3034?
2, 37, 41
List the prime factors of 1634.
2, 19, 43
What are the prime factors of 60549?
3, 20183
List the prime factors of 1163.
1163
List the prime factors of 1770.
2, 3, 5, 59
List the prime factors of 76.
2, 19
What are the prime factors of 9208?
2, 1151
List the prime factors of 7562.
2, 19, 199
List the prime factors of 4654.
2, 13, 179
What are the prime factors of 2267?
2267
List the prime factors of 24472.
2, 7, 19, 23
List the prime factors of 17245.
5, 3449
What are the prime factors of 681?
3, 227
List the prime factors of 16950.
2, 3, 5, 113
What are the prime factors of 31922?
2, 11, 1451
What are the prime factors of 132?
2, 3, 11
What are the prime factors of 5261?
5261
List the prime factors of 1644.
2, 3, 137
List the prime factors of 819.
3, 7, 13
List the prime factors of 154064.
2, 9629
List the prime factors of 7885.
5, 19, 83
What are the prime factors of 1127?
7, 23
What are the prime factors of 70169?
11, 6379
List the prime factors of 6677.
11, 607
What are the prime factors of 4946?
2, 2473
What are the prime factors of 12293?
19, 647
List the prime factors of 5890.
2, 5, 19, 31
List the prime factors of 54.
2, 3
What are the prime factors of 4699?
37, 127
List the prime factors of 1126.
2, 563
List the prime factors of 59269.
7, 8467
List the prime factors of 849.
3, 283
List the prime factors of 3994.
2, 1997
List the prime factors of 1215.
3, 5
List the prime factors of 13503.
3, 7, 643
List the prime factors of 5959.
59, 101
List the prime factors of 7998.
2, 3, 31, 43
What are the prime factors of 26483?
71, 373
List the prime factors of 63303.
3, 21101
What are the prime factors of 27760?
2, 5, 347
What are the prime factors of 1365?
3, 5, 7, 13
What are the prime factors of 20178?
2, 3, 19, 59
What are the prime factors of 7097?
47, 151
What are the prime factors of 5949?
3, 661
What are the prime factors of 2754?
2, 3, 17
What are the prime factors of 19379?
19379
What are the prime factors of 94772?
2, 19, 29, 43
List the prime factors of 78130.
2, 5, 13, 601
What are the prime factors of 9774?
2, 3, 181
What are the prime factors of 4630?
2, 5, 463
List the prime factors of 321.
3, 107
List the prime factors of 4043.
13, 311
What are the prime factors of 3572?
2, 19, 47
List the prime factors of 16621.
11, 1511
What are the prime factors of 5278?
2, 7, 13, 29
What are the prime factors of 487?
487
List the prime factors of 2936.
2, 367
What are the prime factors of 43483?
11, 59, 67
What are the prime factors of 1264?
2, 79
What are the prime factors of 4843?
29, 167
List the prime factors of 3877.
3877
List the prime factors of 4275.
3, 5, 19
What are the prime factors of 1284?
2, 3, 107
List the prime factors of 5341.
7, 109
What are the prime factors of 1028?
2, 257
List the prime factors of 723.
3, 241
List the prime factors of 22033.
11, 2003
List the prime factors of 2738.
2, 37
What are the prime f